 k**2 + k**2 + 2*k**2. What is b(d)?
6
Let d be 1 - -3 - 5*(-1)/(-5). Let s(m) = 9*m - d*m - 4*m + 4*m. Suppose -2*c = 8 + 2, 5*r - 3*c - 20 = 0. What is s(r)?
6
Let c = -16 + -116. Let j = c + 129. Let w(p) = 11*p - 5. Let r(f) = 10*f - 4. Let o(i) = 6*r(i) - 5*w(i). Give o(j).
-14
Let n = -25 + 14. Let d(w) be the third derivative of -w**5/60 - 11*w**4/24 - w**3/2 - 3*w**2 + 1696*w. Calculate d(n).
-3
Let p(m) = 10*m**2 + 6*m - 4. Let h be 5 + 75/(-15) + 2. Give p(h).
48
Let c be 9*(32/(-189) + 10/135)*-7. Let i(m) = 25*m - 141. What is i(c)?
9
Let r be 2/(-4) - (-108)/24. Suppose -4*z - 15 = -9*z. Let j be r + -9 + z + 2. Let n(f) = f + 9. Give n(j).
9
Let z = -277 + 282. Let q(p) = -4*p - z*p**2 + 4*p**2 - 1 + 2*p - 21*p**2. Calculate q(-1).
-21
Suppose m - 3*m - 3*j + 66 = 0, 4*j = 2*m - 52. Let a = m - 23. Let f(c) = -7*c + 14. Let u(q) = -q + 1. Let z(w) = -f(w) + 5*u(w). Determine z(a).
5
Let t(k) = -9 - 2*k + 179*k**2 + 182*k**2 - 11*k - 363*k**2. Let r be t(-5). Let y(p) = -6*p + 1. What is y(r)?
-35
Let w(q) = -29455 + 13*q - 9*q - 29445 + 58903. Suppose -2*u = 3*z - 4, 0 = 4*u + 3*z - 0 + 4. Let f = 2 + u. Determine w(f).
-5
Let y(k) = -24*k + 100. Let x(n) = 25*n - 102. Let c(r) = 5*x(r) + 6*y(r). Calculate c(5).
-5
Suppose 4*k - 34*w = -32*w + 8, -3*w = 4*k - 28. Let d(j) be the third derivative of j**5/60 - 7*j**4/24 + j**3 + j**2. Determine d(k).
-6
Let m(g) = g**3 + 8*g**2 + 16*g - 6. Suppose 8*b = 11578 - 11618. Give m(b).
-11
Let u(k) = -25*k**3 - 2*k**2 - 6*k + 68. Let g(s) = -46*s**3 - 5*s**2 - 12*s + 132. Let o(y) = 6*g(y) - 11*u(y). Determine o(-6).
8
Let y(p) = 2*p**2 - 29*p - 19. Let r be (-5 + 8)*(-1 - (-16)/3). Let b be y(r). Let w = b - -55. Let l(n) = 4*n**2 + 3*n - 4. What is l(w)?
23
Let o(m) = 17*m**2 + 13*m + 32*m**3 + 3978 - 3995 + 7*m. Let g(f) = -11*f**3 - 6*f**2 - 7*f + 6. Let n be 8/6*9/2. Let l(q) = n*o(q) + 17*g(q). What is l(-1)?
-6
Let o(a) = -6647*a**3 + 6*a + 9 - 5 - 78 + 6648*a**3 - 67 - 26*a**2. Determine o(26).
15
Let c(u) = -2*u + 4. Suppose -8*k + 32 = -19*k + 3*k. What is c(k)?
12
Let f(s) = 7*s - 28. Suppose 135 = 29*l + 4*l - 6*l. What is f(l)?
7
Let j = -730 - -719. Let a be ((-96)/(-10) + j)/(1/5). Let k(m) = m**3 + 9*m**2 + 5*m - 8. Give k(a).
55
Let q(k) = -k**3 - 2*k - 1. Suppose 0 = -0*s - 35*s - 70. Give q(s).
11
Let f(m) = -2*m + 4. Let t be f(1). Let v(x) = -76*x**t - 2*x - x**3 + 74*x**2 - x. Give v(-2).
6
Let i be (14 + -7)*3/7. Suppose 27 = i*b + 6. Let t(l) = -b*l - l**2 - 4 + 0*l - l - 2. Calculate t(-6).
6
Let z(s) = s**2 - s - 4. Let b be z(4). Let c(w) be the second derivative of w**5/20 - 2*w**4/3 + w**3/2 + w**2/2 + 4*w + 1322. Give c(b).
25
Suppose 24 = -3*d + 5*d + 4*j, -24 = -4*d + 4*j. Suppose 3 = 3*q, 4*t = t - 3*q + 30. Let v(b) = b + 2 - t + b. Give v(d).
9
Let b(g) = 57*g + 2 + 5964*g**2 - 5962*g**2 - 34. Calculate b(-29).
-3
Let f(r) = -r**2 - 3 + 10 + 10*r - 4*r. Let k(d) = d**2 - 29*d + 86. Let j be k(3). Calculate f(j).
-9
Let l(i) = 31*i + 100. Let h(p) = -419*p + 4187. Let y be h(10). What is l(y)?
7
Let l(u) = 243*u - 729. Let w be l(3). Let p(f) be the third derivative of w*f + 1/24*f**4 + 9*f**2 + 0 - 2/3*f**3. Determine p(-3).
-7
Let k(i) = i**2 + 5*i - 8. Let r be k(-6). Let j(g) = g - 9*g**3 + 4*g**3 + 7 - 5 + 4*g**3 - 2*g**2. Determine j(r).
0
Let l(p) = p**2 - 5*p - 2. Suppose -3*x - 5*m = -126 - 7, 4 = 2*m. Suppose -2*r - 3 = -2*i - 1, 4*r - x = -5*i. Give l(i).
-2
Let n(i) = i**2 - 13*i + 25. Suppose 39*v - 43*v + 376 = 0. Let x = v + -85. Let r be n(x). Let u(p) = -p**2 - 11*p - 1. Give u(r).
-1
Let o(b) = 11*b + 92. Suppose 111*m + 3488 = -325*m. Give o(m).
4
Let r(z) be the third derivative of 11*z**4/24 - z**3/6 + z**2. Let f be (3 - 5/(-7))*7. Suppose f*g - 29*g - y = 2, -y - 8 = -3*g. Give r(g).
10
Let f(u) be the second derivative of -u**4/3 - 11*u**3/3 + 2*u**2 + u + 859. Give f(-6).
-8
Let c be (-5 - -4)/(1*-1). Let m be 5/((-5)/5) + 9. Suppose 3*d = -2*n + m, -d = 3*n - 0*d + c. Let k(r) = -12*r**2 + 1. Determine k(n).
-11
Let b(q) = -18*q. Suppose 47 = -76*a - 156*a - 185. What is b(a)?
18
Let i(v) = -4*v**2 + 12*v + 5. Let j be i(3). Let u(c) = 10*c + 3*c**2 - 6*c - j*c + 4*c - 2. Give u(2).
16
Suppose 2*w = w - 4*w. Let b(a) = -3*a + w*a + 1 + a. Determine b(6).
-11
Let p(z) = 2*z - 20. Let i be p(10). Let q be 8 - ((1 + -1)/2 + 0). Let o(v) = v**2 + i*v - v + q*v + 3 + 2. Give o(-7).
5
Let u(n) = -n**3 + 6*n**2 - 4*n - 2. Suppose f - 20 = -0*f - 3*z, 4*f - 80 = 5*z. Let q = f + -15. What is u(q)?
3
Suppose 448 - 397 = 17*m. Let n(r) = 8*r - 7. Determine n(m).
17
Let h(s) = -s**2 - 8*s + 8. Let g = 152 - 126. Suppose 9*t + g + 55 = 0. Give h(t).
-1
Suppose -39 = 4*j + 5*b + 9, -j - 2*b - 12 = 0. Let y be ((-3)/j)/(7/28). Let p(s) = -44*s + 1. Give p(y).
-43
Let s(l) = l**3 - 4*l**2 - 3*l - 1. Let j be 39/2*-1 + 21/14. Let y be -3*(-30)/j + 9. Calculate s(y).
-13
Suppose 0 = 22*t - 157 + 25. Let c(n) = -3*n**2 - 5*n + n**3 + t - 1 - 10 + 1. Determine c(5).
21
Let v(a) = a**2 + 3*a + 7. Let b = -4 - -4. Let m be v(b). Let n(r) = 0*r - r - m - r. Determine n(-6).
5
Let m be (1 - (-1 + 0))*20/8. Let z(g) = -4*g**2 - 21*g + g**3 + m - 2 + 19*g + 0*g**3. Suppose 0 = -3*p + 5*r + 1 - 6, p - 5*r = -15. Give z(p).
18
Let f(a) = -2*a - 1. Suppose 4*j - 26 - 244 = -2*d, 3*d = j + 370. Let b = d - 128. Determine f(b).
5
Let d(q) = -q**2 - q - 4. Suppose 5*y = -220 - 405. Let n = -128 - y. Give d(n).
-10
Let h(l) be the third derivative of l**4/24 - l**3/3 - 8*l**2 - 5. Let s be (1 - 1)*(-1)/2. Let d = s - -5. What is h(d)?
3
Let n(g) = -10*g**3 - 2 + 35*g - 32*g - 6*g**3 - 2*g**3 + 4*g**3. Give n(1).
-13
Let g(z) = -4 - 18 - 12 - 11 + 23*z - 23. Give g(3).
1
Suppose -469 = -3*i + 2*r + 745, -3*r = -2*i + 811. Suppose i - 380 = -4*u. Let j(o) = -o**3 - 5*o**2 + 8*o. Calculate j(u).
-12
Let b be (7065/135 - 53)/(1 + 16/(-18)). Let g(o) = -46*o - 278. Calculate g(b).
-2
Suppose -61 = 4*g - 205. Let i(s) = -98*s + 28*s + g*s + 35*s. Determine i(4).
4
Let a = -7993 + 7990. Let k(n) = -18*n - 34. What is k(a)?
20
Let b be (10/(-4))/((22 - 31)/18). Let q(h) = -5*h + 1. Calculate q(b).
-24
Let i(t) = -10*t**3 + 121*t**2 - 28*t - 30. Let w(u) = 12*u**3 - 135*u**2 + 29*u + 31. Let a(c) = 7*i(c) + 6*w(c). What is a(-19)?
33
Let l(y) = -6*y**2 + 2*y + 2. Let m = -11 - -15. Let f(o) = -3*o**2 + 5*o - 12. Let h be f(m). Let w be h/30*(-3)/2. Calculate l(w).
-18
Let x(i) = -2*i**3 - 23*i**2 - 19*i + 4. Let w(u) = u**3 + 21*u**2 + 17*u - 5. Let m(a) = -4*w(a) - 3*x(a). Determine m(8).
-16
Let s(n) = 19*n**3 + 67*n**2 + 9*n - 131. Let b(a) = -5*a**3 - 17*a**2 - 3*a + 33. Let k(p) = -23*b(p) - 6*s(p). Calculate k(9).
0
Let q = 25 + -20. Let y(j) = -j**2 - j + 8. Give y(q).
-22
Let u(t) be the first derivative of -4*t**2 - 19*t + 288. Give u(-3).
5
Let t(a) = 56*a**2 - 121*a**2 + 64*a**2 + 1 + 19. Calculate t(5).
-5
Let o(k) = k**2 - 5*k + 9. Suppose 22 = 4*g - 0*r - 3*r, 2*g - 16 = -r. Let c be (-10)/(-5) - g - -5. Suppose c = 8*z - 19 - 29. What is o(z)?
15
Let i(w) = 0*w - 6*w**2 + 0 + w - 5*w - 5. Let r(d) = -d**2 - d - 2. Let p(y) = i(y) - 5*r(y). Give p(0).
5
Suppose -30*d + 34*d + 3*n = 37, d - 5*n = -8. Let f(r) = r**3 - 2*r**2 - 34*r - 16. What is f(d)?
-9
Let u(b) = -5*b + 35. Let g be u(7). Suppose g = 16*v - 30*v + 42. Let l(t) = -t**3 + 2*t**2 - t + 2. What is l(v)?
-10
Let v = -593 - -1291. Let z(m) = v*m**2 + 1 - 698*m**2 - 5*m**3. What is z(1)?
-4
Let c(g) = -g**3 - 11*g**2 + 12*g + 16. Let k = 385 + -150. Let i = k + -247. What is c(i)?
16
Let l be (-1*1)/(1/(-5)). Let k(b) = 35*b**3 + 2*b**2 - 5*b. Let s(f) = -9*f**3 + f**2 + 1. Let q(p) = -k(p) - 4*s(p). Give q(l).
-4
Let z(u) = -u**2 - 2. Let t(l) = -2*l**3 + 12*l**2 + 10*l - 62. Let q be t(6). Let c(w) = -3*w**2 + 4*w + 1. Let h(k) = q*z(k) + c(k). Calculate h(6).
-7
Let d(o) be the first derivative of -2*o**2 + 35*o - 525. What is d(19)?
-41
Let y(a) be the third derivative of -a**8/20160 + a**7/504 - a**6/360 + a**5/60 - 43*a**3/6 + 4*a**2. Let x(t) be the third derivative of y(t). Calculate x(10).
-2
Let y(z) = z**3 - 8*z**2 + 7*z + 3. Let j(m) = -3*m + 13. Suppose 5*r + 5*c - 28 = -8, -4*r + 2 = -3*c. Let f be j(r). Calculate y(f).
3
Let y(o) be the second derivative of o**5/20 - 3*o**4/2